= 4*d - 96 - 296. Let q = d - 51. Calculate the remainder when q is divided by s(-6).
15
Let v(x) = -1 + 3*x**2 + 1 - 2*x + 4 - 2*x**2. Let l(u) = u**3 - 5*u**2 - 2*u + 13. Calculate the remainder when l(6) is divided by v(5).
18
Calculate the remainder when ((-120)/(-30))/(-8*(-2)/556) is divided by 53.
33
Let p = 46 - 27. Suppose 3*o - 2*o - p = -3*f, -2*f = 3*o - 36. Let t = 18 - o. What is the remainder when 12 is divided by t?
4
Suppose -5*p + p = -32. Let n(t) = t**2 - 9*t + 12. Calculate the remainder when 5 is divided by n(p).
1
Let t = 846 + -724. Calculate the remainder when t is divided by 14.
10
Let k = -49 - -83. Suppose 2*b + 4*p = -k, p + p = b - 3. What is the remainder when -2 + -1 + (-196)/b is divided by 14?
11
What is the remainder when (3 - -2)*(-51)/(-3) is divided by 16?
5
Let j = -43 + 60. Suppose 5*b + 2*k + 867 = 0, 0 = -3*k - 3 - 0. Let c = -107 - b. What is the remainder when c is divided by j?
15
Let u be (-18)/21 - 5/35 - 17. Let r(t) = t**2 + 4*t + 1. What is the remainder when (-25)/(-7 - -2) - u is divided by r(-5)?
5
Suppose 2*d + 4*g = -98, 3*d + 0*g = 2*g - 187. Let w = d + 72. What is the remainder when 38 is divided by w?
12
Let z(w) = -9*w**3 - 179*w**2 + 14*w - 2. Calculate the remainder when 355 is divided by z(-20).
1
Suppose 14 = -2*m - 4*l, -m + 2*l - 5*l = 12. Suppose -m*f + 12 = f. Suppose c + 12 = f*c. Calculate the remainder when 11 is divided by c.
5
Suppose -38 = 18*p + 70. What is the remainder when 280 is divided by (-137)/(-3) - 8/p?
45
Let s(h) = 2*h**3 - 3*h**2 - 10*h + 7. Let b be s(5). Suppose 4*j = -3*t + b, j = -4*j - 4*t + 164. What is the remainder when j is divided by 13?
10
Let p(n) = -n**2 + 17*n + 3. Let b be p(17). Suppose -3*u - 4*s + 67 = 0, s + b*s + 69 = 5*u. What is the remainder when u is divided by 4?
1
Let x = 160 - 59. Suppose 2134 = 206*c - 3222. What is the remainder when x is divided by c?
23
Let u = -4 + 6. Let r = u - -22. Let o(y) = y**2. Calculate the remainder when r is divided by o(-3).
6
Suppose 2*f + 8 = 0, 5*m = 5*f + 184 + 36. Let z(q) = 3*q**2 + q. Calculate the remainder when m is divided by z(2).
12
Let k = 215 - -36. Calculate the remainder when k is divided by 12.
11
Let b = 148 + -135. What is the remainder when 63 is divided by b?
11
Suppose k + h = 47, -2*k + 7*k = -h + 215. Suppose -v - 3*f + 14 = 0, -v + 2*f = 3*v - k. Calculate the remainder when 40 is divided by v.
7
What is the remainder when (-10)/(-8) - 6590/(-40) is divided by 6?
4
Suppose 2*o = 5*q + 12, 5*q - 4*o = o - 15. Let r(w) = 4*w**2 - 4*w - 5. Let g(i) = -14*i - 2. What is the remainder when g(-4) is divided by r(q)?
16
Suppose -20*w = -24*w + 608. Calculate the remainder when w is divided by 54.
44
Let u(o) be the first derivative of 2*o**3/3 + 29*o**2/2 + 17*o - 3. What is the remainder when 9 is divided by u(-14)?
0
Let b(h) = 3*h**2 - 12*h - 97. Let m = 56 + -35. What is the remainder when b(10) is divided by m?
20
Calculate the remainder when 207 is divided by 1/(2/64) + 31 + -33.
27
Suppose 3*v - 4*p - 40 = 0, -3*p + 18 = -5*v + 81. Let z(f) = 21*f**2 + 35*f - 24. What is the remainder when z(2) is divided by v?
10
Suppose 2*m = -5*p + 24, 2*p + 0*p - 4 = 2*m. Suppose d + 8 = m*d. What is the remainder when d is divided by 5?
3
Suppose -3*c + 2 - 4 = -2*b, -3*c + 2 = 2*b. Suppose 3*h + 4*h - 119 = c. Calculate the remainder when 67 is divided by h.
16
Let y(i) = i**3 - 3*i**2 + 3*i - 2. Let u be y(2). Let o(j) = -j**2 + 2. Let x be o(2). Calculate the remainder when 67 is divided by (7 + 0)*(u - x).
11
Suppose 5*g + 0*r - 4*r - 3162 = 0, -2*g + 4*r = -1272. Calculate the remainder when 103 is divided by ((-15)/12)/5 + g/24.
25
Suppose 5*k - 4 = 3*k. Suppose 67 = -k*n + 4*n - 3*b, 88 = 3*n - 2*b. Let g = -91 - -168. Calculate the remainder when g is divided by n.
25
Let c(i) = -i**3 - 2*i**2 + 1. Let y be c(-2). Calculate the remainder when (-36)/21*y/((-6)/21) is divided by 3.
0
Let k = 3454 + -3395. What is the remainder when k is divided by 11 + -1*-1*1?
11
Suppose 4*j = 2*r + 238, -4*j + 284 = -r + 47. What is the remainder when j is divided by 25?
9
Suppose -14 = -4*b + 22. Let y be (-9 + b)/(1 + -2). Suppose y = 2*q + 3*q - 10. Calculate the remainder when q is divided by 2.
0
Suppose -6*l + l + 510 = -5*h, 2*l + 3*h - 229 = 0. What is the remainder when l is divided by 30?
17
Calculate the remainder when 140 is divided by ((-5)/((-30)/(-4)))/(60/(-4230)).
46
Let j = 2262 - 2105. What is the remainder when j is divided by 80?
77
Let z(c) = -16*c**3 + c**2. Let m be (4/6)/((-4)/6). Calculate the remainder when 30 is divided by z(m).
13
Suppose 0 = 8*i - 9*i. Suppose -21*a + 25*a - 8 = i. Suppose -a*h + h + 4 = 0. What is the remainder when 17 is divided by h?
1
Let s = -91 + 191. What is the remainder when s is divided by 21?
16
Let x(z) = -12*z - 23. Let g be x(-8). Suppose 6*k + 3*f = 2*k + g, -2*k + f = -29. Calculate the remainder when 44 is divided by k.
12
Suppose -2*o + 16 = 3*r - 88, o - 4*r - 41 = 0. Calculate the remainder when 243 is divided by o.
47
Let s(o) = 32*o - 1. Let g(a) = a**3 - 5*a**2 + a - 4. Let c be g(5). What is the remainder when s(c) is divided by 17?
14
Let d(s) = 0 + 6 + s + 0. What is the remainder when 37 is divided by d(4)?
7
Suppose -5*y + 480 = 11*y. What is the remainder when 108 is divided by y?
18
Let u be -2 - (-14 - 3/3). Calculate the remainder when 66 is divided by u + (1 + -2 - -5).
15
Let p = 183 + -111. Suppose -3*q + 2*j + 108 = -0*q, p = 2*q - 3*j. What is the remainder when q is divided by 13?
10
Suppose 62 = 8*u - 146. Calculate the remainder when 104 is divided by u.
0
Suppose -5*k - 68 + 473 = 2*v, -v + 210 = k. What is the remainder when v is divided by 45?
35
Suppose 5*h = 4*t - 11, h + 2 = -3*t + 15. What is the remainder when 3/6 - (t + 276/(-8)) is divided by 17?
14
Suppose 2*q - 2 = 2, 5*i - 194 = 3*q. Suppose 5*k - 8 - 12 = 0, -i = -3*t + 5*k. Calculate the remainder when 59 is divided by t.
19
Let g(a) = -3*a**3 + 17*a**2 + 28*a + 12. What is the remainder when 42 is divided by g(7)?
6
Suppose -23 = -3*d - 5*f - 0, 3*d + 3*f - 15 = 0. What is the remainder when 77 is divided by (117/18)/(d/4)?
25
Suppose -2*s = -m + 6*m - 17, m + 1 = 0. Let i = -24 + 29. Suppose i*b - s = 4. What is the remainder when 3 is divided by b?
0
Suppose -3*k = -m + 83, m - 5*k - 76 - 11 = 0. What is the remainder when 303 is divided by m?
72
Let d(o) = o**3 + 36*o**2 + 31. Calculate the remainder when 44 is divided by d(-36).
13
Suppose 406 = 51*x - 37*x. Calculate the remainder when x is divided by 10.
9
Let s(r) = r**3 + 2*r**2 - 3*r - 2. Let n be s(-2). Suppose 4*m = -m - 5, 3*q - 443 = -n*m. What is the remainder when q is divided by 38?
35
Suppose -t - 5*f - 9 = 7, 0 = 2*t - 3*f - 20. Suppose -26 = -3*z + t*w, z + z - 17 = 3*w. What is the remainder when 37 is divided by z?
7
Let c = 871 + -432. What is the remainder when c is divided by 74?
69
Let v(h) = -h**2 - 25*h - 12. Calculate the remainder when 357 is divided by v(-24).
9
Let c(t) = t**3 - t**2 + t. Let b be c(2). Let z(k) = k**2 - 4*k - 5. Calculate the remainder when 32 is divided by z(b).
4
Let c = 13 - 2. Let a = 1581 + -1552. What is the remainder when a is divided by c?
7
Calculate the remainder when 466 + (42/(-70))/((-1)/(-5)) is divided by 16.
15
Let x be (19 - 27)*(0 + -1). Let d = x - -8. Calculate the remainder when 29 is divided by d.
13
Suppose d = -d + 8. Calculate the remainder when d is divided by 1.
0
Suppose 3*k + 23 = 29. What is the remainder when 23 is divided by k/(-8) + (0 - 164/(-16))?
3
Suppose 3*p = -4*y + 8 + 6, -y - 5*p - 5 = 0. Let o = 23 + -21. Suppose o*m + 82 = y*b, -3*b + 52 = -4*m - 0*m. Calculate the remainder when 29 is divided by b.
13
Let z = -28 + 33. Suppose 0 = 2*l + 4*p + 10, 0 = -2*l - p - 2*p - z. Calculate the remainder when 72 is divided by l.
2
Suppose 0 = -3*y + 7*y - 500. Suppose 210 + 62 = 17*b. What is the remainder when y is divided by b?
13
Suppose -3*l - 67*v + 388 = -63*v, 4*l + 2*v = 504. What is the remainder when 432 is divided by l?
60
Suppose 2*y - 37 = -3*t - 13, t = -y + 8. Let w be 2 + (-1)/1 + 0. Suppose o = w + t. What is the remainder when 25 is divided by o?
7
Let q(r) = r**2 - 9*r + 38. Let j be q(9). 